101559968.
2, 31, 37, 2767
List the prime factors of 2841790039.
11, 258344549
What are the prime factors of 42681072?
2, 3, 7, 59, 2153
List the prime factors of 16863459.
3, 47, 199, 601
List the prime factors of 513123786.
2, 3, 7, 581773
List the prime factors of 970886471.
1187, 817933
List the prime factors of 3692411455.
5, 19, 59, 83, 7937
List the prime factors of 1120727290.
2, 5, 4229, 26501
What are the prime factors of 30853622?
2, 29, 181, 2939
List the prime factors of 2050777002.
2, 3, 163, 2096909
List the prime factors of 3307060536.
2, 3, 13, 137, 77369
What are the prime factors of 585406757?
13, 1669, 26981
List the prime factors of 26911265.
5, 23, 241, 971
What are the prime factors of 2319043?
29, 79967
List the prime factors of 1300745627.
587, 2215921
List the prime factors of 391447412.
2, 97861853
What are the prime factors of 18009880?
2, 5, 7, 131, 491
List the prime factors of 74759004.
2, 3, 157, 4409
List the prime factors of 80484996.
2, 3, 6707083
List the prime factors of 479257600.
2, 5, 97, 193
List the prime factors of 106823344.
2, 1103, 6053
What are the prime factors of 77471481?
3, 25823827
List the prime factors of 54365006.
2, 67, 405709
List the prime factors of 299011755.
3, 5, 7, 2847731
What are the prime factors of 755531794?
2, 409, 431, 2143
What are the prime factors of 22612475?
5, 904499
List the prime factors of 1626259794.
2, 3, 271043299
What are the prime factors of 575801088?
2, 3, 749741
List the prime factors of 29713032.
2, 3, 409, 1009
What are the prime factors of 3169954086?
2, 3, 13, 40640437
List the prime factors of 6047469758.
2, 11, 19, 14467631
List the prime factors of 140847760.
2, 5, 19, 4877
List the prime factors of 1138629792.
2, 3, 11860727
List the prime factors of 13940498.
2, 11, 13, 79, 617
What are the prime factors of 896213240?
2, 5, 13, 1723487
What are the prime factors of 1133253871?
37, 907, 33769
List the prime factors of 602050971.
3, 17, 11804921
List the prime factors of 391096335.
3, 5, 7, 41, 90847
List the prime factors of 1035267370.
2, 5, 337, 307201
List the prime factors of 6087203790.
2, 3, 5, 202906793
List the prime factors of 1175420190.
2, 3, 5, 7, 281, 19919
List the prime factors of 106667564.
2, 241, 110651
List the prime factors of 8900788.
2, 13, 171169
What are the prime factors of 62109271?
7, 19, 29, 16103
List the prime factors of 53476769.
457, 117017
What are the prime factors of 690583059?
3, 37, 2073823
List the prime factors of 38116682.
2, 19058341
List the prime factors of 59891089.
59891089
What are the prime factors of 2473758484?
2, 113, 5472917
What are the prime factors of 366330838?
2, 101, 277, 6547
What are the prime factors of 94400086?
2, 11, 390083
What are the prime factors of 6010067?
7, 41, 43, 487
List the prime factors of 8543665628.
2, 19, 59, 1905367
What are the prime factors of 2945923523?
17, 409, 24923
List the prime factors of 59414868.
2, 3, 1650413
What are the prime factors of 87619526?
2, 19, 2305777
List the prime factors of 19332730.
2, 5, 41, 61, 773
What are the prime factors of 880785877?
880785877
List the prime factors of 974715724.
2, 1063, 229237
What are the prime factors of 124807355?
5, 1873, 13327
List the prime factors of 21109607.
23, 917809
What are the prime factors of 1404486905?
5, 280897381
What are the prime factors of 189469999?
189469999
What are the prime factors of 63373605?
3, 5, 283, 14929
List the prime factors of 1798568257.
619, 2905603
What are the prime factors of 187846067?
187846067
List the prime factors of 105947458.
2, 19, 2788091
List the prime factors of 14460974.
2, 11, 23, 28579
What are the prime factors of 2521783806?
2, 3, 79, 337, 15787
List the prime factors of 130889699.
130889699
List the prime factors of 710249086.
2, 17, 20889679
What are the prime factors of 967926010?
2, 5, 197, 491333
What are the prime factors of 602468086?
2, 11, 61, 71, 6323
What are the prime factors of 9703116?
2, 3, 409, 659
List the prime factors of 4559743666.
2, 73, 31231121
List the prime factors of 1939311547.
31, 62558437
List the prime factors of 4352148778.
2, 19, 811, 141221
List the prime factors of 195625560.
2, 3, 5, 13, 89, 1409
List the prime factors of 102794841.
3, 1511, 7559
What are the prime factors of 3489629426?
2, 421, 1607, 2579
What are the prime factors of 6278140?
2, 5, 11, 28537
List the prime factors of 387222495.
3, 5, 11, 2346803
What are the prime factors of 56264486?
2, 23, 149, 8209
List the prime factors of 894023439.
3, 298007813
What are the prime factors of 79355006?
2, 39677503
What are the prime factors of 75552490?
2, 5, 13, 581173
What are the prime factors of 245930412?
2, 3, 7, 13, 32173
List the prime factors of 961462633.
73, 13170721
List the prime factors of 546504895.
5, 1609, 67931
What are the prime factors of 142821688?
2, 223, 359
List the prime factors of 640673405.
5, 9403, 13627
List the prime factors of 6935025.
3, 5, 92467
What are the prime factors of 1908964137?
3, 79, 823, 9787
List the prime factors of 1437550490.
2, 5, 71, 883, 2293
List the prime factors of 19028583.
3, 7, 367, 823
List the prime factors of 180231477.
3, 37, 1623707
What are the prime factors of 2162106171?
3, 240234019
What are the prime factors of 1733052953?
37, 46839269
List the prime factors of 76305978.
2, 3, 7, 605603
List the prime factors of 63150450.
2, 3, 5, 11, 38273
What are the prime factors of 21029227?
2711, 7757
List the prime factors of 18175551.
3, 409, 14813
List the prime factors of 285796570.
2, 5, 661, 43237
What are the prime factors of 96015683?
19, 127, 39791
List the prime factors of 558715305.
3, 5, 29, 401, 3203
What are the prime factors of 128421158?
2, 31, 1297, 1597
What are the prime factors of 398415074?
2, 1181, 168677
What are the prime factors of 27700515?
3, 5, 31, 6619
What are the prime factors of 1074390839?
31, 1013, 34213
What are the prime factors of 398336516?
2, 127, 491, 1597
List the prime factors of 230939563.
230939563
List the prime factors of 183343391.
7, 11, 2381083
List the prime factors of 1540531025.
5, 11, 773, 7247
What are the prime factors of 8035615610?
2, 5, 11, 1039, 70309
List the prime factors of 46400368.
2, 7, 37, 11197
List the prime factors of 25162991.
7, 3594713
List the prime factors of 79344069.
3, 7, 223, 16943
List the prime factors of 161785485.
3, 5, 1198411
List the prime factors of 261222039.
3, 13, 179, 12473
What are the prime factors of 143021554?
2, 13, 5500829
What are the prime factors of 2203262817?
3, 7, 104917277
List the prime factors of 52708807.
2963, 17789
What are the prime factors of 224460299?
7, 17, 881, 2141
List the prime factors of 34250994.
2, 3, 1902833
List the prime factors of 266053566.
2, 3, 44342261
List the prime factors of 43645003.
43645003
List the prime factors of 22183255.
5, 41, 108211
List the prime factors of 438238001.
433, 1012097
What are the prime factors of 21506847?
3, 7168949
What are the prime factors of 19951644?
2, 3, 1662637
List the prime factors of 4712848005.
3, 5, 23, 31, 67, 6577
What are the prime factors of 3637741808?
2, 227358863
List the prime factors of 731587997.
7, 107, 139, 7027
List the prime factors of 5408258414.
2, 13, 61, 3409999
What are the prime factors of 180393236?
2, 45098309
List the prime factors of 341565486.
2, 3, 3947, 14423
What are the prime factors of 54946778?
2, 27473389
What are the prime factors of 4317224137?
17, 19, 2003, 6673
List the prime factors of 1145396611.
337, 1627, 2089
List the prime factors of 149723608.
2, 37, 505823
List the prime factors of 1426188270.
2, 3, 5, 13, 1289, 2837
List the prime factors of 612549526.
2, 306274763
What are the prime factors of 525965898?
2, 3, 87660983
What are the prime factors of 340078923?
3, 3301, 11447
List the prime factors of 234394833.
3, 193, 404827
List the prime factors of 439671285.
3, 5, 2293, 4261
What are the prime factors of 417169530?
2, 3, 5, 59, 251, 313
What are the prime factors of 51208718?
2, 11, 23, 101203
List the prime factors of 329338644.
2, 3, 1061, 25867
What are the prime factors of 426188691?
3, 17, 673, 4139
What are the prime factors of 8722846902?
2, 3, 7, 11, 103, 183307
List the prime factors of 8